Evaluate -20 + 20 + 0 + 2.
2
Evaluate (8 - 7) + -10 - -18.
9
Evaluate -2 + (-5 - -6) + -4.
-5
1 + (8 - 4 - (-1 + 6))
0
What is the value of -8 + (9 - 3 - 2)?
-4
Calculate -4 - -2 - ((5 - 7) + -3).
3
Evaluate (-4 - 0) + 1 + 1 + 0.
-2
Evaluate -39 + 33 + (5 - 1).
-2
What is the value of -1 + (13 - 3) + -9?
0
What is the value of -2 - (-5 - -2 - (6 + -8))?
-1
What is (-4 - -1) + 13 + -9?
1
Calculate 10 - (-1 - (1 + -7)).
5
Evaluate 3 - (0 - (0 - 4)).
-1
Calculate (10 - 8) + -4 - 1.
-3
Evaluate 7 + -1 + 5 + (2 - 8).
5
Evaluate (0 - -1) + (5 - 3).
3
What is the value of (-4 - (2 + -12)) + -2 + -1?
3
What is the value of (-8 - -11) + -8 - 3?
-8
Evaluate (0 - 1) + (5 - (3 + 5)).
-4
Evaluate -9 - -4 - (-11 - 1).
7
1 + 2 + (-2 - 4)
-3
(-8 - -2) + -26 + 33
1
What is 2 + -2 - -3 - (9 - 4)?
-2
What is the value of 0 + -11 + 13 + 0?
2
Evaluate 10 - ((-7 - -5 - 0) + 11).
1
What is the value of 0 + (10 - (-5 - -11)) - -1?
5
Evaluate 7 + (0 - (-4 + (-6 - -15))).
2
What is the value of 3 - 1 - (-1 - -4)?
-1
Evaluate -15 + (-6 + 5 - (2 - 10)).
-8
Calculate 8 + (-8 - (1 - 6)).
5
What is the value of (42 - 46) + 2 + 9?
7
-5 + (13 - 11) + -1 + 1
-3
Calculate (1 - -1) + 21 + -20.
3
2 - -1 - (7 + 0)
-4
-2 + (2 - (-1 + 3 + 1))
-3
(7 - -5 - 5) + -1
6
What is -12 - -1 - -15 - 7?
-3
Evaluate 6 + (-5 + 1 - 0).
2
What is the value of 6 - ((18 - 11) + -2 + -2)?
3
Evaluate 1 - (2 + -10 - (-2 - 14)).
-7
2 + (7 - (-4 - (-9 + 2)))
6
Evaluate -1 - 6 - (-9 - (12 + -15)).
-1
5 + (-13 - -6) + 1 + -1
-2
What is 3 + 2 + -2 + 4?
7
Calculate (9 - 10) + (0 - 1).
-2
-1 - (-5 + 6 + (0 - -2))
-4
(15 - 11) + -11 + 5 + -1
-3
Calculate -2 + 0 + (16 - 8) - 1.
5
What is the value of 4 + 0 + -4 + -4?
-4
What is the value of (-30 - -34) + 0 + -2?
2
Evaluate -12 + (6 - (-12 + 10)).
-4
What is 5 + -4 - (-1 - -3 - 7)?
6
(5 - 7) + 7 - 5
0
19 + -10 + (-5 - 1)
3
(-2 - 2) + 7 + (0 - 2)
1
(-3 - -3) + (-2 - 2 - -9)
5
What is (-4 + 5 - -1) + (24 - 20)?
6
13 + -5 - (25 - 13)
-4
What is 8 + (2 - (-6 - -18))?
-2
6 + -1 + -4 - (3 + -1)
-1
Evaluate 4 - (1 - 0 - 0).
3
Calculate 14 + (2 - 10) + -7.
-1
(138 - 123) + -1 + -13
1
What is -18 - -18 - (1 + -1)?
0
What is 0 + -5 + (0 - 1)?
-6
What is the value of 4 + (1 - (-2 - -3))?
4
Evaluate (-1 - -1) + 83 + -84.
-1
What is the value of 1 + (-6 + -2 - -5) + 6?
4
-3 + 2 + -2 - (-2 - -3)
-4
What is 0 + 3 + 0 - -1?
4
Evaluate 65 + -46 - (0 - -10).
9
What is 11 - (5 - (9 + -18))?
-3
1 + (0 - 1) + 0 + -1
-1
Calculate -1 + (-3 - -4) - 2.
-2
What is (1 - -2) + 0 + -4 - 4?
-5
0 - (5 + -4 + -3)
2
-8 + (23 - 9) - 3
3
Calculate -14 + 2 - (19 + -10 + -16).
-5
What is 9 - (-4 + 1 - -11)?
1
What is (1 - 6 - 2) + -1 + 2?
-6
Evaluate -2 + 1 - -1 - (47 + -45).
-2
Calculate (3 + 0 + -5 - -3) + -1.
0
What is -3 + (2 - 1) - -6?
4
What is (5 + -4 - -3) + (0 - 7)?
-3
Calculate -1 + (-2 - -3) + 0.
0
-3 + -6 + (4 - (-4 + 3))
-4
(1 - (-11 - 0)) + -13
-1
(-1 - -4) + 0 + (1 - 7)
-3
What is (3 - (3 - 3)) + -6?
-3
What is 8 + (-11 - 5) - -7?
-1
(14 - 6 - 2) + (0 - 4)
2
What is the value of -1 - (-2 + 1 + 5)?
-5
What is the value of -5 + -3 + 13 - 5 - -1?
1
Calculate 1 + -1 + -3 + 0 + 1.
-2
What is -6 - (6 + -3 + 3 - 13)?
1
5 + -2 + (9 - 10)
2
What is 0 - -3 - (-214 + 222)?
-5
14 + -13 + 1 + -1
1
8 - (13 - (3 + 7))
5
What is the value of -3 - 9 - (-15 + 9) - -8?
2
What is -3 + -2 + (23 - 13)?
5
What is 0 + 5 + (6 - (-16 + 21))?
6
What is the value of (-12 - -19) + -2 + 1?
6
-1 + 0 + -1 - -2 - 4
-4
Evaluate -13 + 3 + 6 + 8.
4
(-9 - (-10 + 0)) + 1 + 3
5
What is 3 + -5 + (0 - (-2 - -3))?
-3
Calculate 3 + (4 - 4) + (-8 - 0).
-5
Evaluate (8 - -4) + -5 + (-4 - -1).
4
Evaluate (11 + 0 - -1) + -3.
9
Calculate -1 + (-1 + 3 - -3) - -1.
5
Evaluate (1 - -24 - 14) + 1 + -7.
5
What is the value of 1 + -1 + 4 + -5?
-1
What is -9 + (1 - (-7 + -2))?
1
Evaluate -8 + 11 + -11 + 1.
-7
What is 11 + 4 - 4 - 9?
2
(-4 - (-9 + -2)) + -4
3
Evaluate -13 + 21 + 7 + -18.
-3
Calculate 2 - -3 - (0 + -3 + 6).
2
-5 + (1 - 0 - (8 - 7))
-5
Evaluate 5 + -1 - (-3 - -5).
2
(-3 - -3) + (0 + 2 - -1)
3
4 - (4 - (-7 - -8))
1
Calculate 5 - (3 + 6) - (-5 - -1).
0
What is the value of -5 + 7 - 8 - -3?
-3
Calculate -4 + -10 + 6 + (3 - 0).
-5
1 + -1 - (11 + -7)
-4
What is 2 + -3 - (0 - 3)?
2
Calculate -9 - (-9 - -1) - -4.
3
Evaluate 2 + -22 + 11 + 17.
8
What is -4 + (0 - -1 - (1 - 0))?
-4
Calculate -3 - (3 - (7 + 0)).
1
Calculate (8 - (-2 + 14)) + (-5 - -1).
-8
What is the value of -2 + (0 - (0 + -6) - 3)?
1
-4 - (5 + 0 + -5 + -4)
0
(-1 - 1 - (-5 + -1)) + -2
2
What is 1 - (13 - 7 - 3)?
-2
What is the value of -1 + 0 - (-3 - (-4 + 2))?
0
What is 2 + (-6 - 2 - 2)?
-8
Evaluate (4 + (-5 - -11) - 6) + -12.
-8
What is the value of 1 - (-2 + 4 + 4 + 1)?
-6
What is the value of -3 - (0 - 2) - -2 - -3?
4
What is 11 + -6 + -1 - (0 + 9)?
-5
Evaluate 4 + -5 + (-8 - -8).
-1
1 + 2 + -2 + -2 + -3
-4
What is the value of -5 + (18 + -6 + -3 - 1)?
3
What is -3 - (-4 - -2 - -6 - 1)?
-6
Evaluate (-1 + 0 - (36 + -32)) + 7.
2
Calculate (1 - (12 + -11)) + 1.
1
1 - (-1 - 3) - 9
-4
-1 - -5 - (29 - 22) - -1
-2
What is the value of (-3 - 1) + (23 + -16 - 8)?
-5
Evaluate 1 + 2 + 2 + -5 + 2.
2
What is the value of -3 + 1 + (-2 - -12) + -6?
2
What is the value of -3 + 2 + -6 + 5 - 1?
-3
-4 - 0 - (18 - 8 - 13)
-1
What is 0 + 4 - 0 - 0?
4
What is -2 + (4 + -4 - (-9 - -6))?
1
What is the value of -7 + 2 + 2 + -2?
-5
What is the value of -9 + 15 - 7 - -6?
5
6 + (8 - 7 - 2)
5
What is the value of 5 + -13 + 2 - -3?
-3
Calculate (31 - 31) + -2 + (4 - -1).
3
2 + 1 - (-55 - -53)
5
Calculate -3 + -1 + (2 - -4).
2
What is the value of -16 + 12 + -10 + 4?
-10
What is -4 - (-2 + 4 + -5 - -3)?
-4
What is the value of -4 - (0 - (-1 + 1 + -1))?
-5
Evaluate -3 - (4 - (5 + 1)) - 7.
-8
What is (8 - (-2 + 7)) + (0 - 6)?
-3
Calculate -16 + (-14 - (-12 - 13)).
-5
What is the value of (-24 - -31 - (7 - -1)) + -4?
-5
0 - -1 - (-3 + 12 - 8)
0
4 + 0 - (4 + 0 - 2)
2
What is (-4 - -9 - 6) + 3 + 0?
2
Calculate 5 + (-3 - (1 + 4)).
-3
Calculate (4 - -1) + (-10 + 3 - 4).
-6
Calculate 13 - (-2 + -10 - -15).
10
Calculate 8 + (-2 - -1) + (-4 - -5).
8
Calculate (0 - 1) + (-42 - -47).
4
Calculate -2 - -1 - (0 + -7 + 2).
4
Calculate -87 + 89 - (-1 + 9).
-6
Evaluate -5 + -2 + 6 + (3 - -3).
5
Calculate 0 - (-8 - -4 - -1).
3
What is -1 + (7 - 4) + 2 - 0?
4
What is the value of 3 + -10 + 6 + -3?
-4
What is the value of 8 - (-3 - (-9 + 3))?
5
Calculate 4 + (-2 - (3 + 3 + -6)).
2
Evaluate 10 - (21 + -13) - (-2 - 1).
5
Calculate (-2 - 2) + 1 - (0 + -2).
-1
What is (-16 - -11) + (1 - -2) + -1?
-3
What is -1 + -2 + 6 + -3?
0
What is the value of (-10 + 5 - -11) + -2?
4
What is -29 + 26 + -1 + 5?
1
What is 0 - ((-3 - (3 + 0)) + 4)?
2
What is 1 - ((3 - 6 - 0) + 9)?
-5
What is 1 + 0 + (4 - 7)?
-2
Evaluate (0 - (1 + -1)) + 0.
0
Calculate 4 - (0 - (1 - 2) - -1).
2
Calculate 14 + -19 + 1 + -1.
-5
Calculate 2 + (-2 - 2) + 6 - 7.
-3
What is the value of -2 + 1 + 3 - (-4 + 3)?
3
What is the value of -8 - (-2 - 1 - 1) - -6?
2
What is (-1 - 1) + (-15 - -8) + 0?
-9
Evaluate 11 - 14 - (2 - 5).
0
(-7 - -15) + (-7 - 0)
1
Calculate 2 - (6 - 3 - (-1 + 5)).
3
Evaluate (9 - 4) + -23 + 9.
-9
-1 + 0 - -6 - (7 + -7)
5
Evaluate 1 + -4 - (-19 + 18).
-2
What is the value of (-2 - 4) + (6 - 4)?
-4
Calculate 2 - (4 + -2 + (-6 - -3)).
3
What is -4 + (8 + -4 + -2 - 6)?
-8
What is the value of (-89 - -90) + (0 + 0 - -5)?
6
(9 - -4 - 3) + -8
2
Evaluate -2 + (1 - -1) + 5.
5
What is -1 + (0 - 2 - (-1 - 9))?
7
Calculate (-1 - -6) + -4 + -6.
-5
What is -2 + -3 + (-19 - -32)?
8
What is the value of -5 + -2 + 1 - 2?
-8
What is the value of -5 - (-6 - 3 - -9)?
-5
Evaluate 10 - (1 - 0 - -4).
5
What is 3 - 2 - (-3 - -3)?
1
What is 1 + (-6 - -4) + -4?
-5
Calculate 7 - (7 - (0 + -2 + 7)).
5
What is (-4 - (1 - (-2 - -9))) + 7?
9
Calculate (-4 - -9) + -3 + 5 + -3.
4
Evaluate 2 + 0 + -3 + -3.
-4
What is the value of -6 - -4 - (1 + 9 + -7)?
-5
What is -3 + 10 + 0 - 9?
-2
What is -2 - -7 - -2 - 3?
4
-19 + (4 - (-12 - -5))
-8
Evaluate -12 + 0 + (-50 - -57) + -1.
-6
4 - (7 + 1 + -2)
-2
What is -1 + 11 + -7 + 2 - 8?
-3
Evaluate -2 + 6 + -1 + -8.
-5
What is 13 + 2 + -10 + (-2 - 1)?
2
What is the value of 0 + (-6 - (4 + (-9 - -2)))?
-3
Calculate -9 - (-8 - (7 - 12)).
-6
Calculate 2 + 2 + 6 + -5.
5
-19 + 24 - (0 - -1)
4
2 + (-1 - (-3 + 15 + -4))
-7
Calculate -1 + 